?
23
Let i(j) = -11*j + 50. Let g(t) = 8*t - 51. Let f(z) = -4*g(z) - 6*i(z). Let u be f(18). What is the highest common divisor of 6 and u?
6
Let i(f) = f**3 - 15*f**2 + 29*f - 71. Let x be i(14). What is the highest common factor of 23491 and x?
139
Suppose -229 = -4*v + 3*z, -5*v + 5*z + 258 = -32. Suppose 285 = s + 18*s. Calculate the highest common divisor of s and v.
5
Let q = -2459 - -3831. Suppose q*b - 1377*b = -30. Calculate the highest common divisor of 69 and b.
3
Let z = -3788 + 5586. Calculate the greatest common factor of z and 186.
62
Let z(u) = u**3 + 25*u**2 + 22*u - 12. Let g be z(-24). Let f be (-117)/(-2) + (-18)/g. What is the highest common factor of f and 29?
29
Let g(t) = -384*t**3 - 4*t**2 - 2*t - 6. Let m be g(-3). What is the greatest common factor of m and 82?
82
Let i = 77 - 58. Suppose 14*f + i*f = 4158. What is the greatest common factor of 112 and f?
14
Let u(g) = 42*g**2 + 6*g + 8. Suppose 2*k + 2*p = -k + 16, 0 = 4*k - 3*p - 10. Let d be u(k). What is the greatest common divisor of 22 and d?
22
Suppose 0 = 27*h - 31*h + 24. Suppose 11*y + 143 = 902. What is the greatest common divisor of h and y?
3
Let p = 34 - 17. Suppose 48 = -5*b + 33 + 20. What is the highest common divisor of b and p?
1
Let b be (-7144)/2*26/(-4) + (6 - 10). Calculate the greatest common divisor of 318 and b.
318
Let x(h) = -h**3 - 9*h**2 + 18*h + 16. Let j be (6/4)/3 - 109/(-2). Let g be -3 - 11/(j/40). Let y be x(g). Calculate the highest common divisor of y and 12.
12
Suppose 11*p - 9*p + q - 2781 = 0, 30*q - 30 = 0. What is the greatest common divisor of p and 973?
139
Suppose -13 = -c - 5*g + 13, 4*g = 2*c - 24. Suppose 0 = 16*d - 307 + 51. Calculate the greatest common divisor of c and d.
16
Suppose -5*f + 37 = 17. Let x(s) be the second derivative of s**3 + 3*s**2 + 40*s. Let g be x(f). Calculate the highest common factor of g and 75.
15
Suppose 16*j = 15*j + 305. Let v = 315 - j. Suppose 0 = -3*d + d + 4. Calculate the highest common factor of v and d.
2
Let j = 1744 + -1590. What is the highest common factor of 902 and j?
22
Let j(l) = 140*l + 420. Let q be j(14). Calculate the greatest common divisor of q and 1530.
170
Suppose 3*d - 5*p - 262 = 853, 0 = 2*d - 3*p - 744. What is the highest common divisor of d and 45?
15
Let f(u) = u**2 - 10*u - 50. Let l be f(-16). Suppose s - i = 91, 4*s + 34*i - l = 37*i. Calculate the greatest common factor of 6 and s.
3
Suppose -3*v = -5*g + 626, 2*g + 128 = 3*g - 2*v. Let t = 708 + g. What is the highest common divisor of t and 52?
52
Suppose -22*b = -21*b - 1. Let j be (-212)/20 - 6/15. Let w = -10 - j. What is the highest common factor of b and w?
1
Suppose 9*y - 6*y = 21. Suppose -13 = -y*h + 1. Let t be 2 + h + 1 - 3. What is the greatest common divisor of 18 and t?
2
Let x be 35/385 - (-1244)/(-11). Let i(u) = -6*u**2 + 3*u - 4. Let c be i(-5). Let j = x - c. Calculate the greatest common divisor of j and 14.
14
Let z = 416 + -880. Let a be (-29)/(z/2304)*1/2. Calculate the highest common factor of a and 32.
8
Suppose 14*j = -95 + 655. Calculate the greatest common factor of 48 and j.
8
Let h be (-36 - 0)/2*-1. Suppose -m - 5 = -2*m, -3*i = -3*m - 15. Suppose 3*g + 882 = i*g. What is the highest common divisor of h and g?
18
Suppose 0 = 13*b - 22*b - 1575. Let m = 197 + b. Calculate the greatest common divisor of 121 and m.
11
Let z(n) = n**3 + 7*n**2 + 3*n + 6. Let u be z(-6). Let j(d) = -191*d**3 + 27*d**2 + 53*d + 6. Let r be j(-2). What is the greatest common factor of u and r?
24
Let v(p) = 15*p**2 + 24*p + 69. Let m be v(-3). Suppose d - m = -34. What is the greatest common divisor of d and 42?
14
Let o = -166 - -169. Let z be (1/(-1))/(7/(-28)) + o. Calculate the highest common factor of 112 and z.
7
Suppose -3421*g - 830 = -3431*g. What is the greatest common factor of 37931 and g?
83
Suppose l - 5*s - 64 = 167, 281 = l + 5*s. What is the greatest common factor of 320 and l?
64
Suppose -5*o = 5*q - 50, -3*q - 2*o = -20 - 10. Suppose 3*k = 4*j + 88, -14*k + q*k = -j - 113. Calculate the highest common divisor of k and 28.
28
Let n = -133 + -158. Let c = -280 - n. Calculate the greatest common divisor of 341 and c.
11
Let r(z) = 13*z + 4. Suppose -2*h + 4 = 2*s - 0, 4*s + 20 = 3*h. Let i be r(h). What is the greatest common factor of 32 and i?
8
Let v(w) = w - 168. Let x(h) = -3*h + 2. Let i(m) = -v(m) - 2*x(m). Let a be i(-28). What is the highest common divisor of a and 300?
12
Suppose 150*q + 2*i = 149*q + 103, 0 = -4*q - i + 377. Let b be -2*(-2*30 - 2). What is the greatest common divisor of q and b?
31
Suppose -3*j + 100 = 2*j. Suppose 12*s + 24*s - 7*s = 3190. Calculate the highest common divisor of j and s.
10
Let i be -18*(-4)/16*34. Let h be (17514/48 - 8) + 5/40. What is the highest common factor of h and i?
51
Let x = 30 - 16. Suppose 7*y = 6*y + 4*c - 351, c + 1 = 0. Let u = 495 + y. What is the highest common factor of x and u?
14
Let h be (5/((-40)/(-36)))/((-21)/(-112)). Calculate the highest common divisor of 12972 and h.
12
Let v = 1 + 5. Let j = 22 - -73. Let l = j + -65. What is the greatest common factor of v and l?
6
Let t = -1732 - -10357. Calculate the highest common divisor of t and 69.
69
Let o = 1973 - 1969. Calculate the greatest common factor of o and 254.
2
Suppose -1182 = 10*s - 4*s. Let q = -44 - s. Calculate the greatest common divisor of 9 and q.
9
Suppose 72*m = 8434 - 7858. What is the greatest common factor of m and 10616?
8
Let c = -8154 + 8237. Calculate the highest common factor of c and 8051.
83
Suppose -7379 - 8410 = -5*v + 3*u, -12638 = -4*v - u. What is the greatest common factor of 13 and v?
13
Suppose 0 = 5*i - 0*i - 195. Let y be (-198273)/(-636) + ((-3)/4)/(0 + -3). Calculate the greatest common divisor of i and y.
39
Let d(i) = -2*i - 72. Let v(q) = -4*q - 70. Let z(t) = -4*d(t) + 3*v(t). Let l be z(-9). What is the highest common divisor of 76 and l?
38
Let c be -78*-3*30/36. Let x(l) = l**3 + 5*l**2 - 9*l - 3. Let k be x(-6). Calculate the highest common divisor of c and k.
15
Let z(m) = m**3 - 19*m**2 - 62*m + 843. Let o be z(20). Calculate the highest common divisor of 1941 and o.
3
Suppose 0 = 9*c - 31*c + 88. Suppose 0 = -c*u + 2 + 18. Calculate the highest common divisor of u and 20.
5
Suppose -2*q + 2860 = 3*q + 4*g, -g - 7379 = -13*q. Calculate the greatest common factor of q and 1278.
142
Let b = 859 - 827. Suppose 0 = -3*q - 6, t - 82 = q. Calculate the greatest common factor of t and b.
16
Suppose 3*q = -5*i - 724, -8*q = 2*i - 5*q + 295. Let j = -130 - i. What is the greatest common divisor of j and 1209?
13
Let v be 4/34 + 100/17 + 13. What is the greatest common factor of 5206 and v?
19
Let m be (38 + 5 + -3)*(-3)/(135/(-468)). Calculate the highest common factor of 544 and m.
32
Suppose 21*i - 16*i = 250. Let x = i - 47. Suppose -22 = -2*v - 5*k, 2*v + 12 = x*v + 2*k. Calculate the greatest common divisor of v and 128.
16
Let g be (38/(-19))/(((-27)/282)/9). Calculate the greatest common divisor of g and 15604.
188
Let n be (-1383)/(-9) + -1*(-12)/9. Let b = n - 90. Calculate the greatest common divisor of 455 and b.
65
Suppose -2*l = x + 4, x + 4*l - 8 + 4 = 0. Let p be (-9)/(54/x) - -50. What is the greatest common divisor of 13 and p?
13
Suppose 8450 = 135*q - 23680. What is the highest common factor of 3400 and q?
34
Let v(n) = -185*n + 10. Let b be v(1). Let f = 193 + b. Calculate the greatest common factor of f and 450.
18
Suppose -176 = -2*g - 4*s, 0 = -g + s - 199 + 287. Suppose 3*h + 4 = 2*r - 13, 5*r - 2*h - 70 = 0. What is the highest common divisor of r and g?
8
Let g be (-10)/65 + 80/13. Suppose -185 = -g*l + l. Suppose 2*b = 39 - l. What is the highest common factor of 3 and b?
1
Let a = -1635 + 2390. Let v = -735 + a. What is the greatest common divisor of 12 and v?
4
Suppose 0 = -q - 4*q + 35. Suppose -1222 = 8*n + 202. Let i = n - -199. What is the greatest common divisor of q and i?
7
Let l = 3590 - 3574. What is the highest common divisor of l and 3680?
16
Let d(q) = 3*q + 6. Let k be d(-12). Let r be (k/(-9))/(-1)*-3. Suppose -3*b = 4*y + 58 - 166, -2*b + 52 = 2*y. Calculate the highest common factor of r and y.
10
Let w(l) = 5*l + 1. Let g be w(2). Let b(s) = s**2 + 32*s + 109. Let j be b(